h + 5. What is v(6)?
-7
Let t(c) = -c - 3. What is t(-6)?
3
Let l(z) = -z**2 + z - 5. Calculate l(0).
-5
Let m(u) = 17*u + 48. Determine m(-3).
-3
Let d(w) = -w**3 - 5*w**2 - 10*w - 9. Determine d(-4).
15
Let g(n) = 5*n + 4. Give g(8).
44
Let x(r) = -3*r - 48. Determine x(-13).
-9
Let v(t) = t**3 - 11*t**2 + t + 1. Calculate v(11).
12
Let k(t) = t**2 - 5*t - 4. Give k(7).
10
Let a(c) = -6*c**3 + 12*c**2 - 3*c + 8. Calculate a(2).
2
Let f(z) = -3*z**2 + 4*z + 4. What is f(5)?
-51
Let i(q) = q**3 - 6*q**2 - 10*q + 9. Give i(7).
-12
Let z(v) = v**3 + 7*v**2 - 8*v - 16. What is z(-7)?
40
Let n(l) = l**2 - 14*l - 11. Calculate n(15).
4
Let x(v) = v**2 - 19*v + 80. Give x(8).
-8
Let v(h) = h + 3. Determine v(0).
3
Let i(x) = -x**2 + 7*x + 10. Calculate i(-2).
-8
Let n(p) = 2*p - 11. Determine n(9).
7
Let p(h) = 2*h**2 - 13*h + 4. Calculate p(6).
-2
Let i(n) = n**3 - 6*n**2 + 3*n. What is i(2)?
-10
Let j(x) = -2*x**3 + x**2 + 5*x - 2. Calculate j(3).
-32
Let u(v) = -v**3 - 5*v**2 + 5*v - 6. Calculate u(-6).
0
Let v(u) = -6*u - 14. Determine v(6).
-50
Let v(b) = b**3 - 22*b**2 - 25*b + 47. Calculate v(23).
1
Let b(y) = -y**3 + 28*y**2 + 4*y + 2. Give b(28).
114
Let g(y) = -y**2 - 24*y + 176. Give g(6).
-4
Let s(q) = 63*q - 368. Determine s(6).
10
Let a(u) = u**3 + 6*u**2 + 7*u + 4. Give a(-4).
8
Let x(a) = 2*a**3 - 15*a**2 - 7*a + 10. Calculate x(7).
-88
Let r(o) = o**3 + o**2 + 2*o + 13. Give r(0).
13
Let o(u) = u**3 + 16*u**2 + 20*u - 26. Determine o(-14).
86
Let t(c) = -10*c + 23. Determine t(3).
-7
Let o(m) = 10*m**2 - 3*m + 2. What is o(1)?
9
Let h(o) = -26*o - 86. Give h(-3).
-8
Let n(j) = -j**3 + 5*j**2 + 16*j - 15. Determine n(7).
-1
Let l(x) = 19*x - 3. What is l(1)?
16
Let f(r) = r**2 - 11*r + 5. Calculate f(10).
-5
Let v(k) = 31*k**3 - k. Determine v(1).
30
Let d(t) = t + 3. Calculate d(7).
10
Let z(f) = f**3 - 5*f**2 + 5*f. Determine z(6).
66
Let w(h) = 3*h + 5. What is w(-5)?
-10
Let v(l) = -l**2 + l + 29. Calculate v(0).
29
Let y(s) = -15*s - 114. Calculate y(-7).
-9
Let k(p) = -18*p - 236. Determine k(-13).
-2
Let a(i) = -3*i + 87. Determine a(23).
18
Let c(v) = -2*v**2 + 17*v + 7. Determine c(9).
-2
Let q(z) = -z**2 - 15*z - 25. Give q(-13).
1
Let n(y) = -y**3 - 3*y**2 + 5*y + 3. Determine n(-4).
-1
Let c(f) = -4*f - 158. What is c(-37)?
-10
Let b(j) = -j**3 + 5*j**2 - 4*j - 2. Calculate b(4).
-2
Let r(u) = -2*u**2 + 10*u + 5. Give r(6).
-7
Let u(v) = v**3 - 8*v**2 + 6*v - 9. What is u(7)?
-16
Let p(z) = -3*z**2 - 2*z - 3. Calculate p(-3).
-24
Let l(n) = -n**3 + 8*n**2 - 7*n - 3. What is l(6)?
27
Let u(k) = -k**3 + 4*k**2 + 7*k - 4. Determine u(5).
6
Let r(c) = -2*c**3 - 15*c**2 - 12*c - 31. Give r(-7).
4
Let l(z) = 2*z + 57. Determine l(-25).
7
Let i(y) = 3*y - 65. Give i(20).
-5
Let s(a) = 21*a + 21. What is s(-1)?
0
Let u(c) = -21*c**3 + c**2 - 4*c + 2. Determine u(1).
-22
Let k(x) = 4*x + 59. What is k(-16)?
-5
Let r(v) = -v**3 - 23*v**2 + 28*v + 101. Determine r(-24).
5
Let u(d) = -d - 3. Calculate u(-7).
4
Let a(w) = w**2 + 5*w + 6. What is a(-8)?
30
Let f(n) = n**3 - 2*n**2 + 3*n - 2. Calculate f(3).
16
Let q(t) = -t**3 - 5*t**2 + 40*t + 5. What is q(-9)?
-31
Let z(w) = -w**3 + 57*w**2 - 3*w + 163. Determine z(57).
-8
Let z(m) = -6*m - 17. Calculate z(-10).
43
Let w(c) = -20*c - 174. Give w(-9).
6
Let j(i) = i**3 + 7*i**2 + 6*i - 5. Determine j(-6).
-5
Let v(b) = -b**2 - 6*b + 1. Give v(-5).
6
Let v(o) = -5*o - 8. Calculate v(-8).
32
Let x(i) = -i + 18. What is x(9)?
9
Let y(d) = -d**2 + 2*d - 6. Determine y(-4).
-30
Let z(u) = -15*u + 30. What is z(4)?
-30
Let l(u) = u**3 - 6*u**2 + 9*u - 7. Give l(5).
13
Let d(g) = -g**3 - 9*g**2 + 10*g. Determine d(-7).
-168
Let h(p) = 2*p**2 - 5*p - 2. Give h(4).
10
Let q(s) = s**3 - 15*s**2 + 16*s - 21. Determine q(14).
7
Let n(k) = -2*k**2 - 7*k - 9. Determine n(-2).
-3
Let i(s) = -s**2 + 15*s - 22. Calculate i(14).
-8
Let t(y) = 39*y**3 + y**2 - 1. Calculate t(-1).
-39
Let o(k) = -k**2 - 11*k + 15. What is o(-8)?
39
Let m(j) = 19*j - 1. Give m(4).
75
Let d(o) = -o**3 - 7*o**2 - 5*o + 5. Give d(-6).
-1
Let m(t) = -7*t - 2. Calculate m(-1).
5
Let r(c) = -c + 19. Give r(17).
2
Let f(h) = 8*h - 2. Calculate f(3).
22
Let f(a) = 17*a + 92. Give f(-6).
-10
Let v(k) = 12*k**3 - 2*k - 1. Determine v(-1).
-11
Let n(q) = -q**2 + 17*q - 31. Give n(14).
11
Let h(d) = -d**3 + 10*d**2 + 13*d - 13. What is h(11)?
9
Let i(b) = b**3 - 6*b**2 - 3. What is i(6)?
-3
Let j(g) = -12*g**3 - 3*g - 1. Calculate j(-2).
101
Let f(u) = -5*u - 84. What is f(-21)?
21
Let c(v) = v**2 - 7*v - 2. Give c(6).
-8
Let j(d) = 22*d**3 - d. What is j(-1)?
-21
Let o(c) = -c**2 - 14*c - 6. Give o(-13).
7
Let k(d) = -d**2 - 7*d - 14. Calculate k(6).
-92
Let n(v) = 5*v + 56. Determine n(-12).
-4
Let k(n) = n**3 - 7*n**2 + 13*n - 11. What is k(5)?
4
Let l(b) = -3*b**2 + 4*b + 9. Calculate l(6).
-75
Let t(m) = -m**3 + 11*m**2 + 27*m - 16. Determine t(13).
-3
Let z(c) = c**2 + 29*c - 96. Determine z(-32).
0
Let q(s) = -s**3 + 6*s**2 + 5*s - 14. Calculate q(6).
16
Let g(c) = -14*c + 10. Calculate g(4).
-46
Let c(h) = h**3 + 5*h**2 - 20*h - 32. Determine c(-7).
10
Let b(w) = w - 1. Determine b(3).
2
Let g(q) = q**3 + q**2 + 6*q - 7. Give g(1).
1
Let y(i) = -4*i - 10. What is y(-4)?
6
Let g(h) = -h**2 + h - 19. Calculate g(0).
-19
Let q(z) = -18*z - 59. Give q(-3).
-5
Let p(u) = 10*u - 4. Give p(6).
56
Let u(a) = a**2 - 4*a - 4. What is u(4)?
-4
Let z(p) = -p**2 - 3*p + 24. Determine z(-4).
20
Let i(u) = 14*u + 21. Determine i(-5).
-49
Let i(q) = -3*q**2 - 3*q + 31. What is i(0)?
31
Let i(b) = b**3 - 5*b**2 + 14*b - 20. Calculate i(3).
4
Let m(o) = o**3 + 12*o**2 + 22*o + 14. Give m(-10).
-6
Let t(a) = a**3 + 5*a**2 - 2*a - 7. Calculate t(-5).
3
Let y(t) = -t**3 - 12*t**2 - 26*t - 47. What is y(-10)?
13
Let u(k) = -5*k - 3. What is u(-1)?
2
Let n(x) = -2*x**3 - 66*x**2 + 69*x + 28. What is n(-34)?
-6
Let f(z) = -z**2 + 33*z - 200. Determine f(25).
0
Let p(h) = -h**2 + 2*h + 1. Calculate p(4).
-7
Let n(x) = -3*x**2 + x + 11. Determine n(-4).
-41
Let q(m) = m. Give q(1).
1
Let i(n) = -n**3 - 7*n**2 + 5*n - 5. Calculate i(-8).
19
Let k(v) = -v**2 + 13*v + 4. Give k(11).
26
Let q(j) = j**2 - 9*j - 3. Determine q(9).
-3
Let q(g) = -g**2 - 42*g - 195. What is q(-36)?
21
Let l(k) = k**2 + 6*k + 17. Give l(-5).
12
Let f(z) = z**3 + 21*z**2 - 2*z - 28. Calculate f(-21).
14
Let p(w) = -37*w - 65. Calculate p(-4).
83
Let w(u) = 2*u - 32. Determine w(17).
2
Let n(s) = 15*s - 246. Determine n(16).
-6
Let r(x) = -x**3 + 8*x**2 - 5*x - 7. Calculate r(6).
35
Let t(o) = -20*o**2 + 4*o + 4. Give t(-1).
-20
Let m(f) = -f**2 + 9*f - 4. Determine m(6).
14
Let d(f) = f**2 - 13*f + 21. Determine d(7).
-21
Let n(z) = -z**2 - 20*z - 43. Give n(-17).
8
Let x(j) = -j**2 + 10*j - 24. What is x(6)?
0
Let d(w) = 3*w + 129. Calculate d(-38).
15
Let q(j) = -2*j - 9. Give q(-9).
9
Let o(x) = x**3 + 12*x**2 + 27*x + 11. Calculate o(-9).
11
Let o(u) = -u + 19. Give o(4).
15
Let n(b) = 12*b + 261. Determine n(-22).
-3
Let q(s) = -5*s**2 + 74*s - 48. Give q(14).
8
Let j(n) = n**3 - 7*n**2 - 3*n + 8. Give j(7).
-13
Let h(v) = v**3 - 30*v**2 - 3*v + 10. Calculate h(30).
-80
Let i(l) = -5*l**3 - 11*l**2 + 6*l + 14. Calculate i(-3).
32
Let p(l) = -3*l - 12. What is p(-4)?
0
Let j(x) = -x**3 + 8*x**2 - 4*x + 8. Calculate j(8).
-24
Let n(f) = -3*f**3 - 4*f**2 + 8*f - 5. What is n(1)?
-4
Let l(z) = 4*z - 47. Determine l(10).
-7
Let b(p) = -p - 1. Give b(13).
-14
Let d(q) = q**2 + 5*q - 2. Determine d(-4).
-6
Let n(k) = 7*k**2 + 5*k - 4. What is n(-4)?
88
Let q(z) = 14*z**2 - 2*z. Determine q(-1).
16
Let p(k) = 4*k + 3. Give p(-4).
-13
Let j(z) = z**3 - 7*z**2 + z + 19. What is j(6)?
-11
Let f(l) = -16*l + 3. Determine f(-3).
51
Let g(w) = -w**3 - 46*w**2 + 202*w + 100. Calculate g(-50).
0
Let l(c) = 2*c + 25. Calculate l(-16).
-7
Let c(k) = -k + 1. Give c(4).
-3
Let o(f) = 8*f + 58. Determine o(-7).
2
Let g(p) = -3*p - 41. Calculate g(-13).
-2
Let p(o) = -o**2 - 3. Calculate p(5).
-28
Let f(u) = 15*u - 484. Determine f(32).
-4
Let c(p) = -p**2 - 7*p - 8. Calculate c(-7).
-8
Let j(h) = 2*h**2 + 20*h + 36. Give j(-8).
4
Let r(t) = t**3 + 5*t**2 + 4*t + 1. Determine r(-4).
1
Let a(y) = 2*y - 27. Calculate a(7).
-13
Let p(k) = k**2 + 21*k + 28. Calculate p(-20).
8
Let n(i) = -2*i*